{"id":269,"date":"2015-05-24T19:24:01","date_gmt":"2015-05-24T19:24:01","guid":{"rendered":"http:\/\/www.f2studio.com.br\/cebrasilcentral\/?page_id=269"},"modified":"2015-11-06T03:48:10","modified_gmt":"2015-11-06T03:48:10","slug":"integracao-cidadanica","status":"publish","type":"page","link":"https:\/\/cebrasilcentral.com.br\/novosite\/integracao-cidadanica\/","title":{"rendered":"INTEGRA\u00c7\u00c3O CIDAD\u00c2NICA"},"content":{"rendered":"<p>[et_pb_section][et_pb_row][et_pb_column type=&#8221;4_4&#8243;][et_pb_text admin_label=&#8221;Text&#8221; background_layout=&#8221;light&#8221; text_orientation=&#8221;left&#8221;]<\/p>\n<p><strong>O QUE \u00c9?<\/strong><\/p>\n<p>\u00c9 um departamento organizado e fortalecido por membros da comunidade escolar do <strong>Centro Educacional Brasil Central <\/strong>e pessoas volunt\u00e1rias, que t\u00eam o firme prop\u00f3sito de atuar em prol da Valoriza\u00e7\u00e3o Humana, promovendo o crescimento intelectual, cultural, social e espiritual do ser humano.<\/p>\n<p><strong>MISS\u00c3O<\/strong><\/p>\n<p>Promover a Valoriza\u00e7\u00e3o Humana com a\u00e7\u00f5es fraternas e solid\u00e1rias, despertando o senso de responsabilidade social das pessoas que, usando seus dons, habilidades e conhecimentos, estar\u00e3o cultivando a ascens\u00e3o do pr\u00f3ximo, bem como a sua pr\u00f3pria, contribuindo ativamente para a valoriza\u00e7\u00e3o do ser humano.<\/p>\n<p><strong>MOTIVO DE NOSSA EXIST\u00caNCIA<\/strong><\/p>\n<p>Por acreditar que na conviv\u00eancia fraterna entre as pessoas, \u00e9 poss\u00edvel cultivar a\u00e7\u00f5es capazes de transformar vidas, buscando uma nova compreens\u00e3o da pr\u00f3pria exist\u00eancia.<\/p>\n<p>Por crer que a Valoriza\u00e7\u00e3o Humana consiste em compreender que os pequenos gestos e atitudes de amor, afeto, respeito, aceita\u00e7\u00e3o e carinho resultam na descoberta da felicidade.<\/p>\n<p>Por confiar que atitudes que valorizam a pessoa promovam o aprofundamento da sensibilidade, que far\u00e1 brotar o sentimento de valoriza\u00e7\u00e3o do pr\u00f3ximo.<\/p>\n<p>Por entender que o capitalismo selvagem atinge tamb\u00e9m a alma das pessoas, tornando-as egoc\u00eantricas e solit\u00e1rias, desprovidas do sentimento de solidariedade humana.<\/p>\n<p>Por saber que milh\u00f5es de pessoas passam por problemas mais s\u00e9rios do que se pode imaginar e est\u00e3o precisando sentir-se \u00fateis, dignas, respeitadas, amadas e aceitas.<\/p>\n<p>Por ter a certeza de que se as pessoas descobrirem seus dons e habilidades, aprendendo a usufru\u00ed-los, conhecer\u00e3o formas de crescimento pessoal, profissional, cultural e espiritual, tornando-se pessoas produtivas e cada vez melhores.<\/p>\n<p>Por ter a capacidade de mostrar ao pr\u00f3ximo o quanto o valorizamos como pessoa.<\/p>\n<p>Por reconhecer que o crescimento do ser humano \u00e9 capaz de motiv\u00e1-lo a compartilhar com o outro a sabedoria, os conhecimentos, as experi\u00eancias e os benef\u00edcios adquiridos, como forma de iluminar o caminho do pr\u00f3ximo, que necessita transpor as barreiras que o impedem de tornar-se um cidad\u00e3o equilibrado e produtivo na sociedade em que vive.<\/p>\n<p><strong>Temos algo em comum!<\/strong><\/p>\n<p><em><strong>Existimos para semear o bem por onde passamos e por onde outros passar\u00e3o amanh\u00e3.<\/strong><\/em><\/p>\n<p><strong>O QUE FAZ?<\/strong><\/p>\n<p>Desenvolve projetos e programas, contando com pessoas volunt\u00e1rias que comungam da mesma filosofia: de que ser \u00fatil e ter a generosidade de servir \u00e9 fonte inesgot\u00e1vel de alegria e satisfa\u00e7\u00e3o, contribuindo para resgatar valores essenciais \u00e0 vida.<\/p>\n<p><strong>FA\u00c7A PARTE DO CENTRO DE APOIO INTEGRA\u00c7\u00c3O CIDAD\u00c2NICA!<\/strong><\/p>\n<p>Entre em contato conosco atrav\u00e9s do link <strong>CONTATOS<\/strong>.<\/p>\n<p>[\/et_pb_text][\/et_pb_column][\/et_pb_row][\/et_pb_section]<\/p>\n","protected":false},"excerpt":{"rendered":"<p>[et_pb_section][et_pb_row][et_pb_column type=&#8221;4_4&#8243;][et_pb_text admin_label=&#8221;Text&#8221; background_layout=&#8221;light&#8221; text_orientation=&#8221;left&#8221;] O QUE \u00c9? \u00c9 um departamento organizado e fortalecido por membros da comunidade escolar do Centro Educacional Brasil Central e pessoas volunt\u00e1rias, que t\u00eam o firme prop\u00f3sito de atuar em prol da Valoriza\u00e7\u00e3o Humana, promovendo o crescimento intelectual, cultural, social e espiritual do ser humano. MISS\u00c3O Promover a Valoriza\u00e7\u00e3o Humana [&hellip;]<\/p>\n","protected":false},"author":4,"featured_media":0,"parent":0,"menu_order":0,"comment_status":"open","ping_status":"closed","template":"","meta":{"_et_pb_use_builder":"on","_et_pb_old_content":"","footnotes":""},"class_list":["post-269","page","type-page","status-publish","hentry"],"_links":{"self":[{"href":"https:\/\/cebrasilcentral.com.br\/novosite\/wp-json\/wp\/v2\/pages\/269","targetHints":{"allow":["GET"]}}],"collection":[{"href":"https:\/\/cebrasilcentral.com.br\/novosite\/wp-json\/wp\/v2\/pages"}],"about":[{"href":"https:\/\/cebrasilcentral.com.br\/novosite\/wp-json\/wp\/v2\/types\/page"}],"author":[{"embeddable":true,"href":"https:\/\/cebrasilcentral.com.br\/novosite\/wp-json\/wp\/v2\/users\/4"}],"replies":[{"embeddable":true,"href":"https:\/\/cebrasilcentral.com.br\/novosite\/wp-json\/wp\/v2\/comments?post=269"}],"version-history":[{"count":2,"href":"https:\/\/cebrasilcentral.com.br\/novosite\/wp-json\/wp\/v2\/pages\/269\/revisions"}],"predecessor-version":[{"id":935,"href":"https:\/\/cebrasilcentral.com.br\/novosite\/wp-json\/wp\/v2\/pages\/269\/revisions\/935"}],"wp:attachment":[{"href":"https:\/\/cebrasilcentral.com.br\/novosite\/wp-json\/wp\/v2\/media?parent=269"}],"curies":[{"name":"wp","href":"https:\/\/api.w.org\/{rel}","templated":true}]}}

INTEGRAÇÃO CIDADÂNICA

<p>[et_pb_section][et_pb_row][et_pb_column type=&#8221;4_4&#8243;][et_pb_text admin_label=&#8221;Text&#8221; background_layout=&#8221;light&#8221; text_orientation=&#8221;left&#8221;]</p>
<p><strong>O QUE É?</strong></p>
<p>É um departamento organizado e fortalecido por membros da comunidade escolar do <strong>Centro Educacional Brasil Central </strong>e pessoas voluntárias, que têm o firme propósito de atuar em prol da Valorização Humana, promovendo o crescimento intelectual, cultural, social e espiritual do ser humano.</p>
<p><strong>MISSÃO</strong></p>
<p>Promover a Valorização Humana com ações fraternas e solidárias, despertando o senso de responsabilidade social das pessoas que, usando seus dons, habilidades e conhecimentos, estarão cultivando a ascensão do próximo, bem como a sua própria, contribuindo ativamente para a valorização do ser humano.</p>
<p><strong>MOTIVO DE NOSSA EXISTÊNCIA</strong></p>
<p>Por acreditar que na convivência fraterna entre as pessoas, é possível cultivar ações capazes de transformar vidas, buscando uma nova compreensão da própria existência.</p>
<p>Por crer que a Valorização Humana consiste em compreender que os pequenos gestos e atitudes de amor, afeto, respeito, aceitação e carinho resultam na descoberta da felicidade.</p>
<p>Por confiar que atitudes que valorizam a pessoa promovam o aprofundamento da sensibilidade, que fará brotar o sentimento de valorização do próximo.</p>
<p>Por entender que o capitalismo selvagem atinge também a alma das pessoas, tornando-as egocêntricas e solitárias, desprovidas do sentimento de solidariedade humana.</p>
<p>Por saber que milhões de pessoas passam por problemas mais sérios do que se pode imaginar e estão precisando sentir-se úteis, dignas, respeitadas, amadas e aceitas.</p>
<p>Por ter a certeza de que se as pessoas descobrirem seus dons e habilidades, aprendendo a usufruí-los, conhecerão formas de crescimento pessoal, profissional, cultural e espiritual, tornando-se pessoas produtivas e cada vez melhores.</p>
<p>Por ter a capacidade de mostrar ao próximo o quanto o valorizamos como pessoa.</p>
<p>Por reconhecer que o crescimento do ser humano é capaz de motivá-lo a compartilhar com o outro a sabedoria, os conhecimentos, as experiências e os benefícios adquiridos, como forma de iluminar o caminho do próximo, que necessita transpor as barreiras que o impedem de tornar-se um cidadão equilibrado e produtivo na sociedade em que vive.</p>
<p><strong>Temos algo em comum!</strong></p>
<p><em><strong>Existimos para semear o bem por onde passamos e por onde outros passarão amanhã.</strong></em></p>
<p><strong>O QUE FAZ?</strong></p>
<p>Desenvolve projetos e programas, contando com pessoas voluntárias que comungam da mesma filosofia: de que ser útil e ter a generosidade de servir é fonte inesgotável de alegria e satisfação, contribuindo para resgatar valores essenciais à vida.</p>
<p><strong>FAÇA PARTE DO CENTRO DE APOIO INTEGRAÇÃO CIDADÂNICA!</strong></p>
<p>Entre em contato conosco através do link <strong>CONTATOS</strong>.</p>
<p>[/et_pb_text][/et_pb_column][/et_pb_row][/et_pb_section]</p>

<p>[et_pb_section][et_pb_row][et_pb_column type=&#8221;4_4&#8243;][et_pb_text admin_label=&#8221;Text&#8221; background_layout=&#8221;light&#8221; text_orientation=&#8221;left&#8221;] O QUE É? É um departamento organizado e fortalecido por membros da comunidade escolar do Centro Educacional Brasil Central e pessoas voluntárias, que têm o firme propósito de atuar em prol da Valorização Humana, promovendo o crescimento intelectual, cultural, social e espiritual do ser humano. MISSÃO Promover a Valorização Humana [&hellip;]</p>
