{"id":310,"date":"2015-05-25T00:34:14","date_gmt":"2015-05-25T00:34:14","guid":{"rendered":"http:\/\/www.f2studio.com.br\/cebrasilcentral\/?page_id=310"},"modified":"2019-01-16T17:58:10","modified_gmt":"2019-01-16T17:58:10","slug":"ensino-medio-2","status":"publish","type":"page","link":"https:\/\/cebrasilcentral.com.br\/novosite\/ensino-medio-2\/","title":{"rendered":"ENSINO M\u00c9DIO"},"content":{"rendered":"<p>[et_pb_section fb_built=&#8221;1&#8243; fullwidth=&#8221;on&#8221; _builder_version=&#8221;3.0.98&#8243; background_image=&#8221;https:\/\/cebrasilcentral.com.br\/novosite\/wp-content\/uploads\/2019\/01\/medio.png&#8221; custom_padding=&#8221;500px|||&#8221;][\/et_pb_section][et_pb_section fb_built=&#8221;1&#8243; _builder_version=&#8221;3.0.47&#8243;][et_pb_row custom_padding=&#8221;27px|0px|27px|0px&#8221; _builder_version=&#8221;3.0.98&#8243; background_size=&#8221;initial&#8221; background_position=&#8221;top_left&#8221; background_repeat=&#8221;repeat&#8221;][et_pb_column type=&#8221;1_2&#8243; _builder_version=&#8221;3.0.47&#8243; parallax=&#8221;off&#8221; parallax_method=&#8221;on&#8221;][et_pb_text admin_label=&#8221;Text&#8221; _builder_version=&#8221;3.0.47&#8243; background_size=&#8221;initial&#8221; background_position=&#8221;top_left&#8221; background_repeat=&#8221;repeat&#8221;]<\/p>\n<h1 style=\"text-align: justify;\">ENSINO M\u00c9DIO<\/h1>\n<p style=\"text-align: justify;\">\u00c9 a porta de entrada para a gradua\u00e7\u00e3o\u00a0e para o mercado de trabalho. Concluindo essa etapa, o estudante estar\u00e1 apto para prestar o vestibular, participar de concursos p\u00fablicos e continuar seguindo sua caminhada em busca do sucesso profissional.<\/p>\n<p style=\"text-align: justify;\">Sendo assim, nessa etapa do ensino damos\u00a0continuidade ao processo de forma\u00e7\u00e3o integral dos estudantes, que saem do Centro Educacional Brasil Central\u00a0prontos para novos desafios.<\/p>\n<p style=\"text-align: justify;\">\u00a0A excel\u00eancia no ensino, os professores bem preparados e uma estrutura que atende todas as necessidades dos jovens alunos, sintetizam, assim, um trabalho de forma\u00e7\u00e3o humana que, com \u00eanfase nos valores \u00e9ticos e morais ganham agora forma, for\u00e7a e embasamento.\u00a0<\/p>\n<p style=\"text-align: justify;\">Dessa forma, os alunos s\u00e3o incentivados ao desenvolvimento do esp\u00edrito cr\u00edtico para que tornem-se agentes transformadores do seu meio, respeitando e agindo de maneira consciente, com \u00e9tica e cidadania.<\/p>\n<p class=\"font_8\" style=\"text-align: justify;\"><span class=\"color_2\"><\/span><\/p>\n<p>[\/et_pb_text][et_pb_text admin_label=&#8221;Text&#8221; _builder_version=&#8221;3.0.47&#8243; background_size=&#8221;initial&#8221; background_position=&#8221;top_left&#8221; background_repeat=&#8221;repeat&#8221;]<\/p>\n<h1 style=\"text-align: justify;\">METODOLOGIA DE ENSINO<\/h1>\n<p style=\"text-align: justify;\">A etapa final da Educa\u00e7\u00e3o B\u00e1sica \u00e9 tratada junto aos estudantes de maneira contextualizada e atualizada, fazendo com que eles construam sua identidade e desenvolvam habilidades e compet\u00eancias dentro de um contexto social, cultural e ambiental, tornando-se capazes de acompanhar mudan\u00e7as da sociedade\u00a0de forma consciente, humana e respons\u00e1vel.<\/p>\n<p>[\/et_pb_text][\/et_pb_column][et_pb_column type=&#8221;1_2&#8243; _builder_version=&#8221;3.0.47&#8243; parallax=&#8221;off&#8221; parallax_method=&#8221;on&#8221;][et_pb_accordion _builder_version=&#8221;3.0.98&#8243;][et_pb_accordion_item title=&#8221;Disciplinas&#8221; open=&#8221;on&#8221; _builder_version=&#8221;3.0.98&#8243; title_text_shadow_horizontal_length=&#8221;0em&#8221; title_text_shadow_vertical_length=&#8221;0em&#8221; title_text_shadow_blur_strength=&#8221;0em&#8221; body_text_shadow_horizontal_length=&#8221;0em&#8221; body_text_shadow_vertical_length=&#8221;0em&#8221; body_text_shadow_blur_strength=&#8221;0em&#8221;]<\/p>\n<ul>\n<li>Prepara\u00e7\u00e3o PAS\/Enem\/UnB<\/li>\n<li>Prepara\u00e7\u00e3o para concursos p\u00fablicos<\/li>\n<li>Ingl\u00eas e espanhol<\/li>\n<li>Incentivo ao esporte<\/li>\n<li>Projetos educacionais<\/li>\n<li>Orienta\u00e7\u00e3o Educacional<\/li>\n<\/ul>\n<p>[\/et_pb_accordion_item][et_pb_accordion_item title=&#8221;Documenta\u00e7\u00e3o&#8221; _builder_version=&#8221;3.0.98&#8243; title_text_shadow_horizontal_length=&#8221;0em&#8221; title_text_shadow_vertical_length=&#8221;0em&#8221; title_text_shadow_blur_strength=&#8221;0em&#8221; body_text_shadow_horizontal_length=&#8221;0em&#8221; body_text_shadow_vertical_length=&#8221;0em&#8221; body_text_shadow_blur_strength=&#8221;0em&#8221; open=&#8221;off&#8221;]<\/p>\n<p>O Ensino M\u00e9dio \u00e9 destinado a todos os estudantes que j\u00e1 completaram o Ensino Fundamental e desejam se preparar para entrar no mercado de trabalho ou continuar os estudos em uma Universidade.<\/p>\n<p><strong>Documentos exigidos para a matr\u00edcula:<\/strong><\/p>\n<p>:: Requerimento de matr\u00edcula;<br \/> :: C\u00f3pia da Carteira de Identidade e do CPF;<br \/> :: C\u00f3pia da Carteira de Identidade e do CPF do Respons\u00e1vel, quando o aluno for menor de idade;<br \/> :: Hist\u00f3rico Escolar (original) ou Documento de Transfer\u00eancia;<br \/> :: Uma foto 3\u00d74 (recente);<br \/> :: C\u00f3pia do Comprovante de Resid\u00eancia.<\/p>\n<p><strong>Importante:<\/strong>\u00a0\u00c9 obrigat\u00f3ria a apresenta\u00e7\u00e3o dos documentos originais para confer\u00eancia das c\u00f3pias na matr\u00edcula.<\/p>\n<p>[\/et_pb_accordion_item][et_pb_accordion_item title=&#8221;Certifica\u00e7\u00e3o&#8221; _builder_version=&#8221;3.0.98&#8243; title_text_shadow_horizontal_length=&#8221;0em&#8221; title_text_shadow_vertical_length=&#8221;0em&#8221; title_text_shadow_blur_strength=&#8221;0em&#8221; body_text_shadow_horizontal_length=&#8221;0em&#8221; body_text_shadow_vertical_length=&#8221;0em&#8221; body_text_shadow_blur_strength=&#8221;0em&#8221; open=&#8221;off&#8221;]<\/p>\n<p style=\"text-align: justify;\">Aos estudantes que conclu\u00edrem a carga hor\u00e1ria exigida e alcan\u00e7arem a nota m\u00ednima para aprova\u00e7\u00e3o nas avalia\u00e7\u00f5es \u00e9 conferido o Certificado de Conclus\u00e3o de Curso e Hist\u00f3rico Escolar referente ao Ensino M\u00e9dio.<\/p>\n<p>[\/et_pb_accordion_item][et_pb_accordion_item title=&#8221;Nossos Diferenciais&#8221; _builder_version=&#8221;3.0.98&#8243; title_text_shadow_horizontal_length=&#8221;0em&#8221; title_text_shadow_vertical_length=&#8221;0em&#8221; title_text_shadow_blur_strength=&#8221;0em&#8221; body_text_shadow_horizontal_length=&#8221;0em&#8221; body_text_shadow_vertical_length=&#8221;0em&#8221; body_text_shadow_blur_strength=&#8221;0em&#8221; open=&#8221;off&#8221;]<\/p>\n<p>:: Atendimento exclusivo para alunos do Ensino M\u00e9dio atrav\u00e9s do\u00a0Sistema de Orienta\u00e7\u00e3o Educacional (SOE);<\/p>\n<p>:: Atrav\u00e9s do Programa de Incentivo ao Esporte, nossos alunos tem acesso gratuito \u00e0s modalidades de futsal\/futebol, v\u00f4lei e basquete;<\/p>\n<p>:: Alunos do Ensino M\u00e9dio tem a op\u00e7\u00e3o de fazer as mat\u00e9rias do T\u00e9cnico em Secretaria Escolar e\/ou do T\u00e9cnico em Transa\u00e7\u00f5es Imobili\u00e1rias juntamente com as mat\u00e9rias normais para poder sair com os dois certificados ap\u00f3s sua conclus\u00e3o;<\/p>\n<p>:: Simulados\u00a0para diversos vestibulares da regi\u00e3o, al\u00e9m de aulas exclusivamente desenvolvidas para ajudar os alunos a terem um melhor aproveitamento no ENEM;<\/p>\n<p>::\u00a0Prepara\u00e7\u00e3o especializada para o PAS\u00a0(Programa de Avalia\u00e7\u00e3o Seriada), vestibular seriado oferecido pela UnB que aumenta as chances dos alunos passarem do Ensino M\u00e9dio diretamente para o Superior.<\/p>\n<p>[\/et_pb_accordion_item][\/et_pb_accordion][\/et_pb_column][\/et_pb_row][et_pb_row _builder_version=&#8221;3.0.98&#8243;][et_pb_column type=&#8221;1_2&#8243; _builder_version=&#8221;3.0.98&#8243; parallax=&#8221;off&#8221; parallax_method=&#8221;on&#8221;][et_pb_image src=&#8221;https:\/\/cebrasilcentral.com.br\/novosite\/wp-content\/uploads\/2019\/01\/ENSINO-MEDIO.jpg&#8221; _builder_version=&#8221;3.0.98&#8243;][\/et_pb_image][\/et_pb_column][et_pb_column type=&#8221;1_2&#8243; _builder_version=&#8221;3.0.98&#8243; parallax=&#8221;off&#8221; parallax_method=&#8221;on&#8221;][et_pb_text admin_label=&#8221;Text&#8221; _builder_version=&#8221;3.0.47&#8243; background_size=&#8221;initial&#8221; background_position=&#8221;top_left&#8221; background_repeat=&#8221;repeat&#8221;]<\/p>\n<p style=\"text-align: justify;\">Al\u00e9m das mat\u00e9rias obrigat\u00f3rias, o Ensino M\u00e9dio do Centro Educacional Brasil Central concentra-se muito na prepara\u00e7\u00e3o constante dos alunos para o ENEM, vestibulares e outras formas de ingresso nas\u00a0universidades.<\/p>\n<p style=\"text-align: justify;\">Chamado de <strong>PAS &#8211;\u00a0Programa de Avalia\u00e7\u00e3o Seriada<\/strong>, o exame realizado na Universidade de Bras\u00edlia \u00e9 um dos mais concorridos do pa\u00eds e um dos nossos principais focos nessa etapa de ensino. Isso porque a UnB oferece 50% das vagas de todos os seus cursos de gradua\u00e7\u00e3o para o PAS, no primeiro semestre de cada ano letivo. E ainda, o aluno que estiver inscrito no PAS pode participar tamb\u00e9m do vestibular tradicional ao final do 3\u00ba ano.<\/p>\n<p style=\"text-align: justify;\"><strong>Importante: <\/strong>O estudante que desejar deve solicitar sua inscri\u00e7\u00e3o no PAS\u00a0na Secretaria Escolar.<\/p>\n<p style=\"text-align: justify;\"><strong>Material Did\u00e1tico:\u00a0<\/strong>A lista de materiais did\u00e1ticos-pedag\u00f3gicos para a s\u00e9rie em curso dever\u00e1 ser adquirida na Secretaria durante a matr\u00edcula.<\/p>\n<p style=\"text-align: justify;\"><strong>Sistema de Avalia\u00e7\u00e3o:\u00a0<\/strong>Os alunos do curso ser\u00e3o avaliados atrav\u00e9s de trabalhos, provas e frequ\u00eancia nas aulas.<\/p>\n<p>[\/et_pb_text][\/et_pb_column][\/et_pb_row][\/et_pb_section]<\/p>\n","protected":false},"excerpt":{"rendered":"<p>[et_pb_section fb_built=&#8221;1&#8243; fullwidth=&#8221;on&#8221; _builder_version=&#8221;3.0.98&#8243; background_image=&#8221;https:\/\/cebrasilcentral.com.br\/novosite\/wp-content\/uploads\/2019\/01\/medio.png&#8221; custom_padding=&#8221;500px|||&#8221;][\/et_pb_section][et_pb_section fb_built=&#8221;1&#8243; _builder_version=&#8221;3.0.47&#8243;][et_pb_row custom_padding=&#8221;27px|0px|27px|0px&#8221; _builder_version=&#8221;3.0.98&#8243; background_size=&#8221;initial&#8221; background_position=&#8221;top_left&#8221; background_repeat=&#8221;repeat&#8221;][et_pb_column type=&#8221;1_2&#8243; _builder_version=&#8221;3.0.47&#8243; parallax=&#8221;off&#8221; parallax_method=&#8221;on&#8221;][et_pb_text admin_label=&#8221;Text&#8221; _builder_version=&#8221;3.0.47&#8243; background_size=&#8221;initial&#8221; background_position=&#8221;top_left&#8221; background_repeat=&#8221;repeat&#8221;] ENSINO M\u00c9DIO \u00c9 a porta de entrada para a gradua\u00e7\u00e3o\u00a0e para o mercado de trabalho. Concluindo essa etapa, o estudante estar\u00e1 apto para prestar o vestibular, participar de concursos p\u00fablicos e continuar seguindo [&hellip;]<\/p>\n","protected":false},"author":4,"featured_media":0,"parent":0,"menu_order":0,"comment_status":"open","ping_status":"closed","template":"","meta":{"_et_pb_use_builder":"on","_et_pb_old_content":"","footnotes":""},"class_list":["post-310","page","type-page","status-publish","hentry"],"_links":{"self":[{"href":"https:\/\/cebrasilcentral.com.br\/novosite\/wp-json\/wp\/v2\/pages\/310","targetHints":{"allow":["GET"]}}],"collection":[{"href":"https:\/\/cebrasilcentral.com.br\/novosite\/wp-json\/wp\/v2\/pages"}],"about":[{"href":"https:\/\/cebrasilcentral.com.br\/novosite\/wp-json\/wp\/v2\/types\/page"}],"author":[{"embeddable":true,"href":"https:\/\/cebrasilcentral.com.br\/novosite\/wp-json\/wp\/v2\/users\/4"}],"replies":[{"embeddable":true,"href":"https:\/\/cebrasilcentral.com.br\/novosite\/wp-json\/wp\/v2\/comments?post=310"}],"version-history":[{"count":52,"href":"https:\/\/cebrasilcentral.com.br\/novosite\/wp-json\/wp\/v2\/pages\/310\/revisions"}],"predecessor-version":[{"id":1323,"href":"https:\/\/cebrasilcentral.com.br\/novosite\/wp-json\/wp\/v2\/pages\/310\/revisions\/1323"}],"wp:attachment":[{"href":"https:\/\/cebrasilcentral.com.br\/novosite\/wp-json\/wp\/v2\/media?parent=310"}],"curies":[{"name":"wp","href":"https:\/\/api.w.org\/{rel}","templated":true}]}}

ENSINO MÉDIO

<p>[et_pb_section fb_built=&#8221;1&#8243; fullwidth=&#8221;on&#8221; _builder_version=&#8221;3.0.98&#8243; background_image=&#8221;https://cebrasilcentral.com.br/novosite/wp-content/uploads/2019/01/medio.png&#8221; custom_padding=&#8221;500px|||&#8221;][/et_pb_section][et_pb_section fb_built=&#8221;1&#8243; _builder_version=&#8221;3.0.47&#8243;][et_pb_row custom_padding=&#8221;27px|0px|27px|0px&#8221; _builder_version=&#8221;3.0.98&#8243; background_size=&#8221;initial&#8221; background_position=&#8221;top_left&#8221; background_repeat=&#8221;repeat&#8221;][et_pb_column type=&#8221;1_2&#8243; _builder_version=&#8221;3.0.47&#8243; parallax=&#8221;off&#8221; parallax_method=&#8221;on&#8221;][et_pb_text admin_label=&#8221;Text&#8221; _builder_version=&#8221;3.0.47&#8243; background_size=&#8221;initial&#8221; background_position=&#8221;top_left&#8221; background_repeat=&#8221;repeat&#8221;]</p>
<h1 style="text-align: justify;">ENSINO MÉDIO</h1>
<p style="text-align: justify;">É a porta de entrada para a graduação e para o mercado de trabalho. Concluindo essa etapa, o estudante estará apto para prestar o vestibular, participar de concursos públicos e continuar seguindo sua caminhada em busca do sucesso profissional.</p>
<p style="text-align: justify;">Sendo assim, nessa etapa do ensino damos continuidade ao processo de formação integral dos estudantes, que saem do Centro Educacional Brasil Central prontos para novos desafios.</p>
<p style="text-align: justify;"> A excelência no ensino, os professores bem preparados e uma estrutura que atende todas as necessidades dos jovens alunos, sintetizam, assim, um trabalho de formação humana que, com ênfase nos valores éticos e morais ganham agora forma, força e embasamento. </p>
<p style="text-align: justify;">Dessa forma, os alunos são incentivados ao desenvolvimento do espírito crítico para que tornem-se agentes transformadores do seu meio, respeitando e agindo de maneira consciente, com ética e cidadania.</p>
<p class="font_8" style="text-align: justify;"><span class="color_2"></span></p>
<p>[/et_pb_text][et_pb_text admin_label=&#8221;Text&#8221; _builder_version=&#8221;3.0.47&#8243; background_size=&#8221;initial&#8221; background_position=&#8221;top_left&#8221; background_repeat=&#8221;repeat&#8221;]</p>
<h1 style="text-align: justify;">METODOLOGIA DE ENSINO</h1>
<p style="text-align: justify;">A etapa final da Educação Básica é tratada junto aos estudantes de maneira contextualizada e atualizada, fazendo com que eles construam sua identidade e desenvolvam habilidades e competências dentro de um contexto social, cultural e ambiental, tornando-se capazes de acompanhar mudanças da sociedade de forma consciente, humana e responsável.</p>
<p>[/et_pb_text][/et_pb_column][et_pb_column type=&#8221;1_2&#8243; _builder_version=&#8221;3.0.47&#8243; parallax=&#8221;off&#8221; parallax_method=&#8221;on&#8221;][et_pb_accordion _builder_version=&#8221;3.0.98&#8243;][et_pb_accordion_item title=&#8221;Disciplinas&#8221; open=&#8221;on&#8221; _builder_version=&#8221;3.0.98&#8243; title_text_shadow_horizontal_length=&#8221;0em&#8221; title_text_shadow_vertical_length=&#8221;0em&#8221; title_text_shadow_blur_strength=&#8221;0em&#8221; body_text_shadow_horizontal_length=&#8221;0em&#8221; body_text_shadow_vertical_length=&#8221;0em&#8221; body_text_shadow_blur_strength=&#8221;0em&#8221;]</p>
<ul>
<li>Preparação PAS/Enem/UnB</li>
<li>Preparação para concursos públicos</li>
<li>Inglês e espanhol</li>
<li>Incentivo ao esporte</li>
<li>Projetos educacionais</li>
<li>Orientação Educacional</li>
</ul>
<p>[/et_pb_accordion_item][et_pb_accordion_item title=&#8221;Documentação&#8221; _builder_version=&#8221;3.0.98&#8243; title_text_shadow_horizontal_length=&#8221;0em&#8221; title_text_shadow_vertical_length=&#8221;0em&#8221; title_text_shadow_blur_strength=&#8221;0em&#8221; body_text_shadow_horizontal_length=&#8221;0em&#8221; body_text_shadow_vertical_length=&#8221;0em&#8221; body_text_shadow_blur_strength=&#8221;0em&#8221; open=&#8221;off&#8221;]</p>
<p>O Ensino Médio é destinado a todos os estudantes que já completaram o Ensino Fundamental e desejam se preparar para entrar no mercado de trabalho ou continuar os estudos em uma Universidade.</p>
<p><strong>Documentos exigidos para a matrícula:</strong></p>
<p>:: Requerimento de matrícula;<br /> :: Cópia da Carteira de Identidade e do CPF;<br /> :: Cópia da Carteira de Identidade e do CPF do Responsável, quando o aluno for menor de idade;<br /> :: Histórico Escolar (original) ou Documento de Transferência;<br /> :: Uma foto 3×4 (recente);<br /> :: Cópia do Comprovante de Residência.</p>
<p><strong>Importante:</strong> É obrigatória a apresentação dos documentos originais para conferência das cópias na matrícula.</p>
<p>[/et_pb_accordion_item][et_pb_accordion_item title=&#8221;Certificação&#8221; _builder_version=&#8221;3.0.98&#8243; title_text_shadow_horizontal_length=&#8221;0em&#8221; title_text_shadow_vertical_length=&#8221;0em&#8221; title_text_shadow_blur_strength=&#8221;0em&#8221; body_text_shadow_horizontal_length=&#8221;0em&#8221; body_text_shadow_vertical_length=&#8221;0em&#8221; body_text_shadow_blur_strength=&#8221;0em&#8221; open=&#8221;off&#8221;]</p>
<p style="text-align: justify;">Aos estudantes que concluírem a carga horária exigida e alcançarem a nota mínima para aprovação nas avaliações é conferido o Certificado de Conclusão de Curso e Histórico Escolar referente ao Ensino Médio.</p>
<p>[/et_pb_accordion_item][et_pb_accordion_item title=&#8221;Nossos Diferenciais&#8221; _builder_version=&#8221;3.0.98&#8243; title_text_shadow_horizontal_length=&#8221;0em&#8221; title_text_shadow_vertical_length=&#8221;0em&#8221; title_text_shadow_blur_strength=&#8221;0em&#8221; body_text_shadow_horizontal_length=&#8221;0em&#8221; body_text_shadow_vertical_length=&#8221;0em&#8221; body_text_shadow_blur_strength=&#8221;0em&#8221; open=&#8221;off&#8221;]</p>
<p>:: Atendimento exclusivo para alunos do Ensino Médio através do Sistema de Orientação Educacional (SOE);</p>
<p>:: Através do Programa de Incentivo ao Esporte, nossos alunos tem acesso gratuito às modalidades de futsal/futebol, vôlei e basquete;</p>
<p>:: Alunos do Ensino Médio tem a opção de fazer as matérias do Técnico em Secretaria Escolar e/ou do Técnico em Transações Imobiliárias juntamente com as matérias normais para poder sair com os dois certificados após sua conclusão;</p>
<p>:: Simulados para diversos vestibulares da região, além de aulas exclusivamente desenvolvidas para ajudar os alunos a terem um melhor aproveitamento no ENEM;</p>
<p>:: Preparação especializada para o PAS (Programa de Avaliação Seriada), vestibular seriado oferecido pela UnB que aumenta as chances dos alunos passarem do Ensino Médio diretamente para o Superior.</p>
<p>[/et_pb_accordion_item][/et_pb_accordion][/et_pb_column][/et_pb_row][et_pb_row _builder_version=&#8221;3.0.98&#8243;][et_pb_column type=&#8221;1_2&#8243; _builder_version=&#8221;3.0.98&#8243; parallax=&#8221;off&#8221; parallax_method=&#8221;on&#8221;][et_pb_image src=&#8221;https://cebrasilcentral.com.br/novosite/wp-content/uploads/2019/01/ENSINO-MEDIO.jpg&#8221; _builder_version=&#8221;3.0.98&#8243;][/et_pb_image][/et_pb_column][et_pb_column type=&#8221;1_2&#8243; _builder_version=&#8221;3.0.98&#8243; parallax=&#8221;off&#8221; parallax_method=&#8221;on&#8221;][et_pb_text admin_label=&#8221;Text&#8221; _builder_version=&#8221;3.0.47&#8243; background_size=&#8221;initial&#8221; background_position=&#8221;top_left&#8221; background_repeat=&#8221;repeat&#8221;]</p>
<p style="text-align: justify;">Além das matérias obrigatórias, o Ensino Médio do Centro Educacional Brasil Central concentra-se muito na preparação constante dos alunos para o ENEM, vestibulares e outras formas de ingresso nas universidades.</p>
<p style="text-align: justify;">Chamado de <strong>PAS &#8211; Programa de Avaliação Seriada</strong>, o exame realizado na Universidade de Brasília é um dos mais concorridos do país e um dos nossos principais focos nessa etapa de ensino. Isso porque a UnB oferece 50% das vagas de todos os seus cursos de graduação para o PAS, no primeiro semestre de cada ano letivo. E ainda, o aluno que estiver inscrito no PAS pode participar também do vestibular tradicional ao final do 3º ano.</p>
<p style="text-align: justify;"><strong>Importante: </strong>O estudante que desejar deve solicitar sua inscrição no PAS na Secretaria Escolar.</p>
<p style="text-align: justify;"><strong>Material Didático: </strong>A lista de materiais didáticos-pedagógicos para a série em curso deverá ser adquirida na Secretaria durante a matrícula.</p>
<p style="text-align: justify;"><strong>Sistema de Avaliação: </strong>Os alunos do curso serão avaliados através de trabalhos, provas e frequência nas aulas.</p>
<p>[/et_pb_text][/et_pb_column][/et_pb_row][/et_pb_section]</p>

<p>[et_pb_section fb_built=&#8221;1&#8243; fullwidth=&#8221;on&#8221; _builder_version=&#8221;3.0.98&#8243; background_image=&#8221;https://cebrasilcentral.com.br/novosite/wp-content/uploads/2019/01/medio.png&#8221; custom_padding=&#8221;500px|||&#8221;][/et_pb_section][et_pb_section fb_built=&#8221;1&#8243; _builder_version=&#8221;3.0.47&#8243;][et_pb_row custom_padding=&#8221;27px|0px|27px|0px&#8221; _builder_version=&#8221;3.0.98&#8243; background_size=&#8221;initial&#8221; background_position=&#8221;top_left&#8221; background_repeat=&#8221;repeat&#8221;][et_pb_column type=&#8221;1_2&#8243; _builder_version=&#8221;3.0.47&#8243; parallax=&#8221;off&#8221; parallax_method=&#8221;on&#8221;][et_pb_text admin_label=&#8221;Text&#8221; _builder_version=&#8221;3.0.47&#8243; background_size=&#8221;initial&#8221; background_position=&#8221;top_left&#8221; background_repeat=&#8221;repeat&#8221;] ENSINO MÉDIO É a porta de entrada para a graduação e para o mercado de trabalho. Concluindo essa etapa, o estudante estará apto para prestar o vestibular, participar de concursos públicos e continuar seguindo [&hellip;]</p>
